sor of 84 and g.
21
Let u = 324 + -160. Suppose 4*i + 4 = -4*h + u, -20 = 5*i. Suppose -w - 22 = -3*w. Calculate the highest common factor of w and h.
11
Let a = 1 + 26. Let p = a + -18. Suppose 0 = -p*q + 253 + 512. What is the highest common divisor of q and 34?
17
Let r be ((-86)/(-3))/(24/36). Suppose r = 4*a - 33. Calculate the greatest common factor of 38 and a.
19
Let y be (-13 - -14)*8/1. Suppose y = u - 3. Calculate the highest common factor of u and 1.
1
Let n = 2141 + -2007. What is the greatest common factor of 134 and n?
134
Let t = 14 - 11. Let u be ((-1)/t)/(9/54). Let q be u/13 + (-262)/(-13). What is the highest common factor of 220 and q?
20
Let o(a) = -a**3 + 7*a**2 - 7*a + 15. Let u be o(6). Suppose -15 = -h + u. What is the greatest common divisor of h and 60?
12
Suppose 26*l - 36*l = -60. Calculate the greatest common factor of l and 2.
2
Let q = -598 + 895. What is the greatest common factor of 36 and q?
9
Let y be 116193/315 - 2/(-15). Calculate the greatest common factor of y and 18.
9
Let y = 593 + -377. What is the greatest common divisor of y and 27?
27
Suppose 0 = 3*x - 0*x + 12. Let m be ((-51)/(-6) + x)*32. Calculate the highest common factor of 16 and m.
16
Let w(i) be the third derivative of -i**6/60 + i**5/12 + i**4/8 - i**3/3 - 15*i**2. Let x be w(-3). What is the highest common factor of x and 220?
44
Let c be (-360)/(-32) + (-2)/8. Let h(p) = 9*p + 0 - 4 + c*p**2 - 12*p**2 - 2. Let a be h(7). Calculate the highest common divisor of a and 16.
8
Suppose 5*k + 6*i - 3*i - 73 = 0, -3*k + i + 41 = 0. What is the greatest common divisor of k and 1176?
14
Let p(q) = 10*q**2 - 4*q - 3. Let k be p(-2). Let c = -72 + 77. Suppose -n + 0*n + s + 31 = 0, 4*n = -c*s + 115. What is the highest common factor of n and k?
15
Let m(r) = r**3 + 4*r**2 - 2*r - 3. Let j be m(-3). Suppose -3*t + j = -36. What is the highest common divisor of t and 32?
16
Suppose 0 = 17*y - 18*y + 1. Suppose 0 = 4*x + y - 17. What is the greatest common divisor of 2 and x?
2
Suppose l = -5*t + 35, 4*l = 3*l + t + 17. Let n = -14 + l. Let a = 18 - 0. What is the greatest common divisor of a and n?
6
Let f be -1*(2 + -4 - -3). Let j = 16 + f. Suppose 16 = 2*v + 5*y - j, -4*y = 4*v - 56. Calculate the greatest common factor of v and 39.
13
Let i(y) = y**3 - 7*y**2 + 16*y - 14. Let q be i(6). Let m = q - 4. What is the greatest common divisor of 462 and m?
42
Suppose -2*m - 37 + 79 = 0. Let h = 373 + -121. Calculate the highest common divisor of m and h.
21
Suppose 4*c - 303 = -47. Suppose 0 = 3*h + z - 296, 2*h + 3*z + 139 = 348. Let l = h + -89. What is the highest common factor of l and c?
8
Let n(x) = -x**2 + 2*x. Let k be n(4). Let u(t) = -t**2 - 7*t + 9. Let g be u(k). Let l = 8 - 4. What is the greatest common divisor of l and g?
1
Suppose -728 = -10*a - 4*a. Calculate the highest common factor of a and 12.
4
Let j = 29 - 23. Let h(n) = -n**2 + 5*n + 8. Let t be h(j). Let g be 5/(4 - -1) + t. Calculate the greatest common factor of g and 24.
3
Suppose 2*m = 4*y - 10, -4*m = y + 2*y - 35. Suppose m*n = -5, -5*n + 15 = -2*j + 228. Calculate the highest common factor of j and 8.
8
Suppose -11*h + 6502 = -23165. What is the greatest common factor of 93 and h?
93
Let s(f) = 3*f**3 - 25*f**2 - 14*f + 20. Let j be s(9). Calculate the greatest common factor of 77 and j.
7
Suppose -5*x = -153 + 33. Suppose x + 15 = 3*s. Let h = -14 + 40. What is the greatest common factor of h and s?
13
Suppose 4*m = 6 - 2. Suppose 0 = 2*x + 2*x. Suppose 3*s - s - 14 = x. What is the greatest common factor of m and s?
1
Suppose 5*i = -h + 6*h + 265, i = 2*h + 54. Calculate the greatest common divisor of 16 and i.
4
Let p = 99 + -103. Let k be (p + 2)/(1/(-65)). What is the highest common divisor of 26 and k?
26
Let v(l) = 2*l**2 + 10*l + 9. Let t be v(-6). Calculate the greatest common divisor of t and 84.
21
Let c be ((-1)/(-3))/((-1)/6*-1). Suppose -c*j = 2*j - 52. Calculate the greatest common factor of j and 117.
13
Suppose 15 = 2*g + g. Let m be 11 - (-2 + g + -3). Let b(w) = -w**2 + 12*w - 7. Let t be b(m). Calculate the highest common divisor of 32 and t.
4
Let q = -421 + 436. Suppose -5*o + 5*b = b - 608, 0 = -5*o - 4*b + 592. Calculate the greatest common divisor of q and o.
15
Let u(l) = -10*l - 19. Let b be u(-3). Suppose 3*w - 4*d - 66 = 0, 2*d - 3*d = -3*w + 66. Calculate the greatest common factor of b and w.
11
Let h be 3/9 + 68/12. Suppose -2 = -2*t + h. What is the highest common factor of 4 and t?
4
Let s(z) = 2*z**2 - 5*z - 4. Let x be s(5). Suppose -3*l + 117 = x. Let c be (-4)/14 + (-58)/(-7). Calculate the greatest common divisor of l and c.
8
Suppose 25*a = -8*a + 5148. Calculate the highest common factor of 416 and a.
52
Suppose q - 3*w - 1860 = 0, q + w = 152 + 1708. Suppose 260 - q = -4*x. Suppose 6*n - x = 2*n. Calculate the highest common factor of n and 20.
20
Let r(p) = -8*p**3 - 4*p**2 - 2*p. Let t be r(-2). Let j(o) = -o**3 - 2*o**2 + 13*o + 57. Let a be j(4). Calculate the highest common divisor of t and a.
13
Suppose -14*y + 5*y = -1134. Calculate the greatest common factor of y and 36.
18
Let r = -244 - -247. Calculate the greatest common factor of 2 and r.
1
Let n be (-28)/63 - (-11942)/18. What is the highest common factor of n and 39?
39
Let o(b) = -8*b + 277. Let d be o(-17). What is the greatest common divisor of d and 7?
7
Let f = 217 - 214. What is the highest common factor of 303 and f?
3
Suppose -37*x + 621 + 378 = 0. What is the greatest common divisor of x and 27?
27
Let g be (3792/120)/(8/260). Calculate the highest common factor of g and 52.
13
Let q(f) = -f**3 + 25*f**2 - 6*f + 43. Let s be q(23). Calculate the greatest common factor of s and 214.
107
Let t(j) = 9*j - 1. Suppose 5*i + 15 = 25. Let y be t(i). Let k = y - 15. Calculate the greatest common divisor of k and 18.
2
Let m be (150/8)/(2*(-1)/8). Let i = -43 - m. What is the highest common divisor of 32 and i?
32
Let v be (-8 - -3) + 0 - -95. Calculate the highest common factor of 20 and v.
10
Let h(l) = 6*l**3 + l**2 - l. Let v be h(1). Suppose j - v = -j. Let y be (-222)/(-18) - (-2)/j. Calculate the greatest common factor of y and 13.
13
Suppose -r = 6*r - 63. Let p be (326/(-6))/(-1) - (-6)/r. Suppose 4*z + 3*i + 0*i = 85, 2 = -2*i. Calculate the highest common factor of p and z.
11
Let s(l) = l**3 - 5*l**2 - 8*l + 6. Let r be s(8). Suppose -4*m = 2*d - 598 + 74, m + 2*d - r = 0. What is the greatest common factor of 52 and m?
26
Suppose 0 = -5*f + 4*d + 28, 5*d = -6*f + 2*f + 47. Let o be (-63)/(-4) + 3/12. Calculate the highest common factor of o and f.
8
Let s = -51 - -58. Suppose -3*b = s*b - 90. What is the greatest common factor of 3 and b?
3
Let m = 1191 + -663. What is the highest common divisor of m and 144?
48
Let c = 305 - 269. What is the greatest common divisor of c and 132?
12
Let q be -72 - 2/(-5)*(-5)/1. Let b = q - -83. Calculate the highest common factor of 9 and b.
9
Suppose 5*l - 6*l = -3*s + 5673, 3*s - 5685 = 5*l. What is the greatest common factor of 42 and s?
42
Let j be ((-742)/(-28) + -4)*(-1 - -3). What is the highest common divisor of j and 9?
9
Suppose 0 = -4*r - 19*r + 138. Calculate the greatest common divisor of 18 and r.
6
Suppose 5*r = 0, 3*r - 5*r - 64 = -4*k. What is the greatest common divisor of 136 and k?
8
Suppose 11*o = 12*o + 10. Let s be 68/18 - o/45. Calculate the greatest common factor of s and 4.
4
Suppose -17 + 3 = -s. Suppose 9*m + 0*m + 135 = 0. Let t be (50 - 1)/(m/(-6) - 2). Calculate the highest common factor of s and t.
14
Let z = 1 - 0. Suppose -3*r + z = -8. Suppose -4*f + 88 = 2*t, 44*t + 8 = 42*t. What is the highest common factor of f and r?
3
Suppose -18 = 5*d + 2*m, d + m + 3*m = 0. Let a be (1 - 12)*((-35)/1 - d). Calculate the highest common factor of 31 and a.
31
Suppose -3*r = -5*k + 32, -k + 3*r = 4 - 20. Let p(a) = 2*a**3 - 6*a**2 + 4. Let h be p(4). Calculate the highest common divisor of h and k.
4
Suppose 0 = 7*i - 10*i + 4*q + 43, 4*q + 30 = 2*i. What is the highest common divisor of i and 325?
13
Let b be 0 - -3 - 0/2. Suppose -b*t + 34 + 5 = 0. Let a(f) = 38*f + 3. Let r be a(3). Calculate the greatest common factor of r and t.
13
Let c = -1435 + 977. Let a be c/(-14) + 1 + (-28)/(-98